{"id":3158,"date":"2018-02-06T09:30:13","date_gmt":"2018-02-06T09:30:13","guid":{"rendered":"https:\/\/www.cooperativazenith.it\/?page_id=3158"},"modified":"2025-04-01T14:22:24","modified_gmt":"2025-04-01T14:22:24","slug":"cittadinanza-attiva","status":"publish","type":"page","link":"https:\/\/www.cooperativazenith.it\/index.php\/cittadinanza-attiva\/","title":{"rendered":"Cittadinanza attiva"},"content":{"rendered":"<div class=\"wpb-content-wrapper\">[vc_row fullwidth=&#8221;true&#8221; visibility=&#8221;hidden-sm&#8221; css=&#8221;.vc_custom_1555579476893{margin-top: -60px !important;}&#8221;][vc_column][vc_column_text css=&#8221;.vc_custom_1542706089593{margin-bottom: 0px !important;}&#8221;]<script type=\"text\/javascript\">jQuery(function() { _initLayerSlider( '#layerslider_60_okh452msipvd', {sliderVersion: '7.14.1', responsiveUnder: 0, layersContainer: 0, allowFullscreen: true, slideBGSize: 'auto', hideUnder: 0, hideOver: 100000, pauseOnHover: 1, skin: 'v5', sliderFadeInDuration: 350, useSrcset: true, skinsPath: 'https:\/\/www.cooperativazenith.it\/wp-content\/plugins\/LayerSlider\/assets\/static\/layerslider\/skins\/', performanceMode: true}); });<\/script><div id=\"layerslider_60_okh452msipvd\"  class=\"ls-wp-container fitvidsignore ls-selectable\" style=\"width:1024px;height:250px;margin:0 auto;margin-bottom: 0px;\"><div class=\"ls-slide\" ><img loading=\"lazy\" decoding=\"async\" width=\"1024\" height=\"250\" src=\"https:\/\/www.cooperativazenith.it\/wp-content\/uploads\/2025\/04\/citt-att.jpg\" class=\"ls-bg\" alt=\"\" srcset=\"https:\/\/www.cooperativazenith.it\/wp-content\/uploads\/2025\/04\/citt-att.jpg 1024w, https:\/\/www.cooperativazenith.it\/wp-content\/uploads\/2025\/04\/citt-att-300x73.jpg 300w, https:\/\/www.cooperativazenith.it\/wp-content\/uploads\/2025\/04\/citt-att-768x188.jpg 768w\" sizes=\"auto, (max-width: 1024px) 100vw, 1024px\" itemprop=\"image\" \/><\/div><\/div>[\/vc_column_text][vc_empty_space height=&#8221;50px&#8221;][\/vc_column][\/vc_row][vc_row fullwidth=&#8221;true&#8221; visibility=&#8221;visible-sm&#8221; css=&#8221;.vc_custom_1555579486035{margin-top: -25px !important;}&#8221;][vc_column][vc_column_text css=&#8221;.vc_custom_1542706089593{margin-bottom: 0px !important;}&#8221;]<script type=\"text\/javascript\">jQuery(function() { _initLayerSlider( '#layerslider_60_1prwp11s7vcf2', {sliderVersion: '7.14.1', responsiveUnder: 0, layersContainer: 0, allowFullscreen: true, slideBGSize: 'auto', hideUnder: 0, hideOver: 100000, pauseOnHover: 1, skin: 'v5', sliderFadeInDuration: 350, useSrcset: true, skinsPath: 'https:\/\/www.cooperativazenith.it\/wp-content\/plugins\/LayerSlider\/assets\/static\/layerslider\/skins\/', performanceMode: true}); });<\/script><div id=\"layerslider_60_1prwp11s7vcf2\"  class=\"ls-wp-container fitvidsignore ls-selectable\" style=\"width:1024px;height:250px;margin:0 auto;margin-bottom: 0px;\"><div class=\"ls-slide\" ><img loading=\"lazy\" decoding=\"async\" width=\"1024\" height=\"250\" src=\"https:\/\/www.cooperativazenith.it\/wp-content\/uploads\/2025\/04\/citt-att.jpg\" class=\"ls-bg\" alt=\"\" srcset=\"https:\/\/www.cooperativazenith.it\/wp-content\/uploads\/2025\/04\/citt-att.jpg 1024w, https:\/\/www.cooperativazenith.it\/wp-content\/uploads\/2025\/04\/citt-att-300x73.jpg 300w, https:\/\/www.cooperativazenith.it\/wp-content\/uploads\/2025\/04\/citt-att-768x188.jpg 768w\" sizes=\"auto, (max-width: 1024px) 100vw, 1024px\" itemprop=\"image\" \/><\/div><\/div>[\/vc_column_text][vc_empty_space height=&#8221;50px&#8221;][\/vc_column][\/vc_row][vc_row visibility=&#8221;hidden-sm&#8221;][vc_column width=&#8221;1\/4&#8243;][vc_custom_heading text=&#8221;Cittadinanza attiva&#8221; google_fonts=&#8221;font_family:Montserrat%3Aregular%2C700|font_style:400%20regular%3A400%3Anormal&#8221;][vc_empty_space height=&#8221;30px&#8221;][vc_column_text]<span style=\"color: #000000;\"><span style=\"color: #ff6600;\">Zenith<\/span> ha attivato progetti sul territorio cittadino che mirano a creare comunit\u00e0 e a favorire la coesione sociale. Lo fa in contesti territoriali &#8220;difficili&#8221;, dove c&#8217;\u00e8 maggiore necessit\u00e0 di stimoli e aiuto.<\/span>[\/vc_column_text][vc_empty_space height=&#8221;30px&#8221;][\/vc_column][vc_column width=&#8221;1\/4&#8243;][vc_empty_space height=&#8221;30px&#8221;][vc_single_image image=&#8221;12388&#8243; img_size=&#8221;500&#215;230&#8243; alignment=&#8221;center&#8221; onclick=&#8221;custom_link&#8221; css=&#8221;.vc_custom_1743494300932{margin-bottom: 30px !important;}&#8221; image_hovers=&#8221;false&#8221; link=&#8221;https:\/\/www.cooperativazenith.it\/index.php\/programma-web-radio-zona-di-confine\/&#8221;][vc_column_text css=&#8221;.vc_custom_1743494395782{margin-top: -20px !important;margin-bottom: 0px !important;}&#8221;]<a href=\"https:\/\/www.cooperativazenith.it\/index.php\/programma-web-radio-zona-di-confine\/\"><span style=\"color: #000000;\">Zona di Confine<\/span><\/a>[\/vc_column_text][vc_single_image image=&#8221;12389&#8243; img_size=&#8221;500&#215;230&#8243; alignment=&#8221;center&#8221; onclick=&#8221;custom_link&#8221; css=&#8221;.vc_custom_1743494402205{margin-bottom: 30px !important;}&#8221; image_hovers=&#8221;false&#8221; link=&#8221;https:\/\/www.cooperativazenith.it\/index.php\/fuori-zona-3\/&#8221;][vc_column_text css=&#8221;.vc_custom_1743494410630{margin-top: -20px !important;margin-bottom: 0px !important;}&#8221;]<a href=\"https:\/\/www.cooperativazenith.it\/index.php\/fuori-zona-3\/\"><span style=\"color: #000000;\">Fuori Zona<\/span><\/a>[\/vc_column_text][\/vc_column][vc_column width=&#8221;1\/4&#8243;][vc_empty_space height=&#8221;30px&#8221;][vc_single_image image=&#8221;12387&#8243; img_size=&#8221;500&#215;230&#8243; alignment=&#8221;center&#8221; onclick=&#8221;custom_link&#8221; css=&#8221;.vc_custom_1743494417675{margin-bottom: 30px !important;}&#8221; image_hovers=&#8221;false&#8221; link=&#8221;https:\/\/www.cooperativazenith.it\/index.php\/distribuzione-di-alimentia-persone-in-difficolta\/&#8221;][vc_column_text css=&#8221;.vc_custom_1743517331941{margin-top: -20px !important;margin-bottom: 0px !important;}&#8221;]<a href=\"https:\/\/www.cooperativazenith.it\/index.php\/distribuzione-di-alimentia-persone-in-difficolta\/\"><span style=\"color: #000000;\">Distribuzione di alimenti a persone in difficolt\u00e0<\/span><\/a>[\/vc_column_text][\/vc_column][vc_column width=&#8221;1\/4&#8243;][vc_cta h2=&#8221;Aiutaci a prenderci cura di chi \u00e8 pi\u00f9 fragile!&#8221; h2_font_container=&#8221;tag:h3|font_size:24px|text_align:left|color:%23dd3333&#8243; h2_google_fonts=&#8221;font_family:Montserrat%3Aregular%2C700|font_style:400%20regular%3A400%3Anormal&#8221; shape=&#8221;square&#8221; style=&#8221;flat&#8221; add_button=&#8221;bottom&#8221; btn_title=&#8221;SCOPRI DI PI\u00d9!&#8221; btn_style=&#8221;flat&#8221; btn_shape=&#8221;square&#8221; btn_color=&#8221;danger&#8221; btn_size=&#8221;lg&#8221; btn_align=&#8221;center&#8221; use_custom_fonts_h2=&#8221;true&#8221; btn_button_block=&#8221;true&#8221; btn_link=&#8221;url:https%3A%2F%2Fwww.cooperativazenith.it%2Findex.php%2Fsostienici%2F|||&#8221;]Con il tuo contributo diventerai protagonista dei progetti e degli interventi che dedichiamo agli anziani fragili e alle persone in difficolt\u00e0 socioeconomica della nostra citt\u00e0.[\/vc_cta][\/vc_column][\/vc_row][vc_row visibility=&#8221;visible-sm&#8221;][vc_column width=&#8221;1\/4&#8243;][vc_custom_heading text=&#8221;Cittadinanza attiva&#8221; google_fonts=&#8221;font_family:Montserrat%3Aregular%2C700|font_style:400%20regular%3A400%3Anormal&#8221;][vc_empty_space height=&#8221;30px&#8221;][vc_column_text]<span style=\"color: #000000;\"><span style=\"color: #ff6600;\">Zenith<\/span> ha attivato progetti sul territorio cittadino che mirano a creare comunit\u00e0 e a favorire la coesione sociale. Lo fa in contesti territoriali &#8220;difficili&#8221;, dove c&#8217;\u00e8 maggiore necessit\u00e0 di stimoli e aiuto.<\/span>[\/vc_column_text][vc_empty_space height=&#8221;30px&#8221;][\/vc_column][vc_column width=&#8221;1\/4&#8243;][vc_single_image image=&#8221;12388&#8243; img_size=&#8221;500&#215;230&#8243; alignment=&#8221;center&#8221; onclick=&#8221;custom_link&#8221; css=&#8221;.vc_custom_1743494300932{margin-bottom: 30px !important;}&#8221; image_hovers=&#8221;false&#8221; link=&#8221;https:\/\/www.cooperativazenith.it\/index.php\/programma-web-radio-zona-di-confine\/&#8221;][vc_column_text css=&#8221;.vc_custom_1743494395782{margin-top: -20px !important;margin-bottom: 0px !important;}&#8221;]<a href=\"https:\/\/www.cooperativazenith.it\/index.php\/programma-web-radio-zona-di-confine\/\"><span style=\"color: #000000;\">Zona di Confine<\/span><\/a>[\/vc_column_text][vc_single_image image=&#8221;12389&#8243; img_size=&#8221;500&#215;230&#8243; alignment=&#8221;center&#8221; onclick=&#8221;custom_link&#8221; css=&#8221;.vc_custom_1743494402205{margin-bottom: 30px !important;}&#8221; image_hovers=&#8221;false&#8221; link=&#8221;https:\/\/www.cooperativazenith.it\/index.php\/fuori-zona-3\/&#8221;][vc_column_text css=&#8221;.vc_custom_1743494410630{margin-top: -20px !important;margin-bottom: 0px !important;}&#8221;]<a href=\"https:\/\/www.cooperativazenith.it\/index.php\/fuori-zona-3\/\"><span style=\"color: #000000;\">Fuori Zona<\/span><\/a>[\/vc_column_text][\/vc_column][vc_column width=&#8221;1\/4&#8243;][vc_single_image image=&#8221;12387&#8243; img_size=&#8221;500&#215;230&#8243; alignment=&#8221;center&#8221; onclick=&#8221;custom_link&#8221; css=&#8221;.vc_custom_1743494417675{margin-bottom: 30px !important;}&#8221; image_hovers=&#8221;false&#8221; link=&#8221;https:\/\/www.cooperativazenith.it\/index.php\/distribuzione-di-alimentia-persone-in-difficolta\/&#8221;][vc_column_text css=&#8221;.vc_custom_1743517341301{margin-top: -20px !important;margin-bottom: 0px !important;}&#8221;]<a href=\"https:\/\/www.cooperativazenith.it\/index.php\/distribuzione-di-alimentia-persone-in-difficolta\/\"><span style=\"color: #000000;\">Distribuzione di alimenti a persone in difficolt\u00e0<\/span><\/a>[\/vc_column_text][vc_empty_space height=&#8221;30px&#8221;][\/vc_column][vc_column width=&#8221;1\/4&#8243;][vc_cta h2=&#8221;Aiutaci a prenderci cura di chi \u00e8 pi\u00f9 fragile!&#8221; h2_font_container=&#8221;tag:h3|font_size:24px|text_align:left|color:%23dd3333&#8243; h2_google_fonts=&#8221;font_family:Montserrat%3Aregular%2C700|font_style:400%20regular%3A400%3Anormal&#8221; shape=&#8221;square&#8221; style=&#8221;flat&#8221; add_button=&#8221;bottom&#8221; btn_title=&#8221;SCOPRI DI PI\u00d9!&#8221; btn_style=&#8221;flat&#8221; btn_shape=&#8221;square&#8221; btn_color=&#8221;danger&#8221; btn_size=&#8221;lg&#8221; btn_align=&#8221;center&#8221; use_custom_fonts_h2=&#8221;true&#8221; btn_button_block=&#8221;true&#8221; btn_link=&#8221;url:https%3A%2F%2Fwww.cooperativazenith.it%2Findex.php%2Fsostienici%2F|||&#8221;]Con il tuo contributo diventerai protagonista dei progetti e degli interventi che dedichiamo agli anziani fragili e alle persone in difficolt\u00e0 socioeconomica della nostra citt\u00e0.[\/vc_cta][\/vc_column][\/vc_row]\n<\/div>","protected":false},"excerpt":{"rendered":"<p>[vc_row fullwidth=&#8221;true&#8221; visibility=&#8221;hidden-sm&#8221; css=&#8221;.vc_custom_1555579476893{margin-top: -60px !important;}&#8221;][vc_column][vc_column_text css=&#8221;.vc_custom_1542706089593{margin-bottom: 0px !important;}&#8221;][\/vc_column_text][vc_empty_space height=&#8221;50px&#8221;][\/vc_column][\/vc_row][vc_row fullwidth=&#8221;true&#8221; visibility=&#8221;visible-sm&#8221; css=&#8221;.vc_custom_1555579486035{margin-top: -25px !important;}&#8221;][vc_column][vc_column_text css=&#8221;.vc_custom_1542706089593{margin-bottom: 0px !important;}&#8221;][\/vc_column_text][vc_empty_space height=&#8221;50px&#8221;][\/vc_column][\/vc_row][vc_row visibility=&#8221;hidden-sm&#8221;][vc_column width=&#8221;1\/4&#8243;][vc_custom_heading text=&#8221;Cittadinanza attiva&#8221; google_fonts=&#8221;font_family:Montserrat%3Aregular%2C700|font_style:400%20regular%3A400%3Anormal&#8221;][vc_empty_space height=&#8221;30px&#8221;][vc_column_text]Zenith ha attivato progetti sul territorio cittadino che mirano a creare comunit\u00e0 e a favorire la coesione sociale. Lo fa in contesti territoriali &#8220;difficili&#8221;, dove c&#8217;\u00e8 maggiore necessit\u00e0 di stimoli e [&hellip;]<\/p>\n","protected":false},"author":3,"featured_media":0,"parent":0,"menu_order":0,"comment_status":"closed","ping_status":"closed","template":"","meta":{"give_campaign_id":0,"om_disable_all_campaigns":false,"_uf_show_specific_survey":0,"_uf_disable_surveys":false,"footnotes":""},"class_list":["post-3158","page","type-page","status-publish","hentry"],"campaignId":"","_links":{"self":[{"href":"https:\/\/www.cooperativazenith.it\/index.php\/wp-json\/wp\/v2\/pages\/3158","targetHints":{"allow":["GET"]}}],"collection":[{"href":"https:\/\/www.cooperativazenith.it\/index.php\/wp-json\/wp\/v2\/pages"}],"about":[{"href":"https:\/\/www.cooperativazenith.it\/index.php\/wp-json\/wp\/v2\/types\/page"}],"author":[{"embeddable":true,"href":"https:\/\/www.cooperativazenith.it\/index.php\/wp-json\/wp\/v2\/users\/3"}],"replies":[{"embeddable":true,"href":"https:\/\/www.cooperativazenith.it\/index.php\/wp-json\/wp\/v2\/comments?post=3158"}],"version-history":[{"count":30,"href":"https:\/\/www.cooperativazenith.it\/index.php\/wp-json\/wp\/v2\/pages\/3158\/revisions"}],"predecessor-version":[{"id":11631,"href":"https:\/\/www.cooperativazenith.it\/index.php\/wp-json\/wp\/v2\/pages\/3158\/revisions\/11631"}],"wp:attachment":[{"href":"https:\/\/www.cooperativazenith.it\/index.php\/wp-json\/wp\/v2\/media?parent=3158"}],"curies":[{"name":"wp","href":"https:\/\/api.w.org\/{rel}","templated":true}]}}