{"id":106,"date":"2015-12-21T09:21:52","date_gmt":"2015-12-21T09:21:52","guid":{"rendered":"https:\/\/aziendalowcost.it\/wordpress\/?page_id=106"},"modified":"2025-09-29T12:23:40","modified_gmt":"2025-09-29T12:23:40","slug":"gruppo-appartamento-mamma-bimbo-scooby-doo","status":"publish","type":"page","link":"https:\/\/www.cooperativazenith.it\/index.php\/gruppo-appartamento-mamma-bimbo-scooby-doo\/","title":{"rendered":"Gruppo appartamento mamma-bimbo \u201cScooby Doo\u201d"},"content":{"rendered":"<div class=\"wpb-content-wrapper\">[vc_row fullwidth=&#8221;true&#8221; visibility=&#8221;hidden-sm&#8221; css=&#8221;.vc_custom_1555579231225{margin-top: -60px !important;}&#8221;][vc_column][vc_column_text css=&#8221;.vc_custom_1542704478088{margin-bottom: 0px !important;}&#8221;]<script type=\"text\/javascript\">jQuery(function() { _initLayerSlider( '#layerslider_8_3bhfn35czk0f', {sliderVersion: '6.9.2', responsiveUnder: 0, layersContainer: 0, allowFullscreen: true, slideBGSize: 'auto', hideUnder: 0, hideOver: 100000, pauseOnHover: 1, skin: 'v5', sliderFadeInDuration: 350, useSrcset: true, skinsPath: 'https:\/\/www.cooperativazenith.it\/wp-content\/plugins\/LayerSlider\/assets\/static\/layerslider\/skins\/', performanceMode: true}); });<\/script><div id=\"layerslider_8_3bhfn35czk0f\"  class=\"ls-wp-container fitvidsignore ls-selectable\" style=\"width:1024px;height:250px;margin:0 auto;margin-bottom: 0px;\"><div class=\"ls-slide\" ><img loading=\"lazy\" decoding=\"async\" width=\"1024\" height=\"250\" src=\"https:\/\/www.cooperativazenith.it\/wp-content\/uploads\/2021\/07\/scooby-nuovo.jpg\" class=\"ls-bg\" alt=\"\" srcset=\"https:\/\/www.cooperativazenith.it\/wp-content\/uploads\/2021\/07\/scooby-nuovo.jpg 1024w, https:\/\/www.cooperativazenith.it\/wp-content\/uploads\/2021\/07\/scooby-nuovo-300x73.jpg 300w, https:\/\/www.cooperativazenith.it\/wp-content\/uploads\/2021\/07\/scooby-nuovo-768x188.jpg 768w\" sizes=\"auto, (max-width: 1024px) 100vw, 1024px\" itemprop=\"image\" \/><\/div><\/div>[\/vc_column_text][vc_empty_space height=&#8221;50px&#8221;][\/vc_column][\/vc_row][vc_row fullwidth=&#8221;true&#8221; visibility=&#8221;visible-sm&#8221; css=&#8221;.vc_custom_1555579241465{margin-top: -25px !important;}&#8221;][vc_column][vc_column_text css=&#8221;.vc_custom_1542704478088{margin-bottom: 0px !important;}&#8221;]<script type=\"text\/javascript\">jQuery(function() { _initLayerSlider( '#layerslider_8_j06ato14pwua', {sliderVersion: '6.9.2', responsiveUnder: 0, layersContainer: 0, allowFullscreen: true, slideBGSize: 'auto', hideUnder: 0, hideOver: 100000, pauseOnHover: 1, skin: 'v5', sliderFadeInDuration: 350, useSrcset: true, skinsPath: 'https:\/\/www.cooperativazenith.it\/wp-content\/plugins\/LayerSlider\/assets\/static\/layerslider\/skins\/', performanceMode: true}); });<\/script><div id=\"layerslider_8_j06ato14pwua\"  class=\"ls-wp-container fitvidsignore ls-selectable\" style=\"width:1024px;height:250px;margin:0 auto;margin-bottom: 0px;\"><div class=\"ls-slide\" ><img loading=\"lazy\" decoding=\"async\" width=\"1024\" height=\"250\" src=\"https:\/\/www.cooperativazenith.it\/wp-content\/uploads\/2021\/07\/scooby-nuovo.jpg\" class=\"ls-bg\" alt=\"\" srcset=\"https:\/\/www.cooperativazenith.it\/wp-content\/uploads\/2021\/07\/scooby-nuovo.jpg 1024w, https:\/\/www.cooperativazenith.it\/wp-content\/uploads\/2021\/07\/scooby-nuovo-300x73.jpg 300w, https:\/\/www.cooperativazenith.it\/wp-content\/uploads\/2021\/07\/scooby-nuovo-768x188.jpg 768w\" sizes=\"auto, (max-width: 1024px) 100vw, 1024px\" itemprop=\"image\" \/><\/div><\/div>[\/vc_column_text][vc_empty_space height=&#8221;50px&#8221;][\/vc_column][\/vc_row][vc_row visibility=&#8221;hidden-sm&#8221;][vc_column width=&#8221;1\/4&#8243;][vc_custom_heading text=&#8221;Gruppo appartamento mamma-bimbo &#8220;Scooby Doo&#8220;&#8221; google_fonts=&#8221;font_family:Montserrat%3Aregular%2C700|font_style:400%20regular%3A400%3Anormal&#8221;][vc_empty_space height=&#8221;30px&#8221;][vc_column_text]<span style=\"color: #000000;\">&#8220;Scooby Doo&#8221; \u00e8 gestito in convenzione con l&#8217;Associazione Evoluzione Self Help Onlus.<\/span>[\/vc_column_text][vc_empty_space height=&#8221;30px&#8221;][\/vc_column][vc_column width=&#8221;1\/2&#8243;][vc_column_text css=&#8221;.vc_custom_1759148605623{padding-top: 15px !important;padding-right: 15px !important;padding-bottom: 15px !important;padding-left: 15px !important;background-color: rgba(0,108,191,0.23) !important;*background-color: rgb(0,108,191) !important;}&#8221;]\n<p data-start=\"213\" data-end=\"600\"><span style=\"color: #000000;\">Il gruppo appartamento <strong data-start=\"236\" data-end=\"252\">\u201cScooby Doo\u201d<\/strong>, a Torino, accoglie temporaneamente donne sole o madri con bambini che attraversano situazioni di fragilit\u00e0.<\/span><br data-start=\"361\" data-end=\"364\" \/><span style=\"color: #000000;\">\u00c8 un luogo sicuro e protetto, pensato come pausa e sostegno in momenti delicati della vita, quando alle difficolt\u00e0 sociali si sommano problemi relazionali o psicologici che richiedono l\u2019accompagnamento verso servizi pi\u00f9 specialistici.<\/span><\/p>\n<p data-start=\"602\" data-end=\"983\"><span style=\"color: #000000;\">L\u2019appartamento pu\u00f2 ospitare fino a sei persone (madri e figli) ed \u00e8 rivolto a donne con un buon livello di autonomia, che tuttavia necessitano di una soluzione abitativa transitoria capace di offrire stabilit\u00e0 e respiro.<\/span><br data-start=\"822\" data-end=\"825\" \/><span style=\"color: #000000;\">Al centro dell\u2019intervento c\u2019\u00e8 sempre la <strong data-start=\"865\" data-end=\"891\">relazione madre\u2013figlio<\/strong>, riconosciuta come risorsa preziosa e come fulcro del percorso di crescita e cambiamento.<\/span><\/p>\n<p data-start=\"985\" data-end=\"1202\"><span style=\"color: #000000;\">A fianco delle ospiti opera un\u2019\u00e9quipe di educatori professionali, presente per circa <strong data-start=\"1070\" data-end=\"1092\">40 ore settimanali<\/strong>, che garantisce ascolto, accompagnamento educativo e strumenti concreti per rafforzare autonomia e fiducia.<\/span><\/p>\n[\/vc_column_text][vc_empty_space height=&#8221;30px&#8221;][vc_column_text css=&#8221;.vc_custom_1759148537876{margin-bottom: 0px !important;}&#8221;]\n<p data-start=\"294\" data-end=\"702\"><span style=\"color: #000000;\">Il progetto nasce da un approccio che mette al centro la persona nella sua <strong data-start=\"369\" data-end=\"382\">globalit\u00e0<\/strong>, riconoscendone l\u2019unicit\u00e0 e i bisogni specifici.<\/span><br data-start=\"431\" data-end=\"434\" \/><span style=\"color: #000000;\">Per affrontare la complessit\u00e0 delle situazioni \u2013 che siano quelle di una madre con il proprio bambino o di una persona singola \u2013 \u00e8 fondamentale <strong data-start=\"578\" data-end=\"616\">una progettazione educativa mirata<\/strong>, capace di considerare insieme dimensioni diverse: affettive, sociali, relazionali.<\/span><\/p>\n<p data-start=\"704\" data-end=\"1173\"><span style=\"color: #000000;\">Caratteristica essenziale del servizio \u00e8 la costruzione di una <strong data-start=\"767\" data-end=\"808\">rete di relazioni e di collaborazioni<\/strong>: un circuito virtuoso che intreccia legami e sostegni, creando le condizioni perch\u00e9 le situazioni di disagio possano trovare vie d\u2019uscita concrete. In questo quadro, il lavoro educativo si inserisce in un progetto pi\u00f9 ampio, che dialoga costantemente con i servizi socio-sanitari e assistenziali del territorio, nella logica di un intervento realmente integrato.<\/span><\/p>\n<p data-start=\"1175\" data-end=\"1513\"><span style=\"color: #000000;\">Dal momento dell\u2019ingresso in struttura si apre un <strong data-start=\"1225\" data-end=\"1252\">periodo di osservazione<\/strong> della durata di circa sei mesi (riducibile in caso di permanenze pi\u00f9 brevi). In questa fase l\u2019\u00e9quipe educativa utilizza strumenti specifici per conoscere a fondo la persona e il suo contesto di riferimento, cos\u00ec da coglierne i bisogni nella loro complessit\u00e0.<\/span><\/p>\n<p data-start=\"1515\" data-end=\"1841\"><span style=\"color: #000000;\">Al termine dell\u2019osservazione viene redatto un <strong data-start=\"1561\" data-end=\"1590\">progetto individualizzato<\/strong>, per il nucleo madre-bambino o per il singolo, che definisce obiettivi educativi concreti. Questo progetto non guarda solo alla persona in s\u00e9, ma tiene conto anche dell\u2019ambiente sociale in cui vive, compreso il gruppo degli altri ospiti della casa.<\/span><\/p>\n<p data-start=\"1843\" data-end=\"2129\"><span style=\"color: #000000;\">La vita quotidiana nel servizio \u00e8 pensata per avvicinarsi il pi\u00f9 possibile a quella di una <strong data-start=\"1934\" data-end=\"1956\">famiglia \u201cnormale\u201d<\/strong>, dove si presta attenzione ai bambini, ai loro bisogni e alla cura condivisa della casa, cos\u00ec da ricreare un clima relazionale sereno, capace di sostenere e far crescere.<\/span><\/p>\n[\/vc_column_text][vc_empty_space height=&#8221;30px&#8221;][\/vc_column][vc_column width=&#8221;1\/4&#8243;][vc_cta h2=&#8221;Aiutaci a prenderci cura di chi \u00e8 pi\u00f9 fragile!&#8221; h2_font_container=&#8221;tag:h3|font_size:24px|text_align:left|color:%23dd3333&#8243; h2_google_fonts=&#8221;font_family:Montserrat%3Aregular%2C700|font_style:400%20regular%3A400%3Anormal&#8221; shape=&#8221;square&#8221; style=&#8221;flat&#8221; add_button=&#8221;bottom&#8221; btn_title=&#8221;SCOPRI DI PI\u00d9!&#8221; btn_style=&#8221;flat&#8221; btn_shape=&#8221;square&#8221; btn_color=&#8221;danger&#8221; btn_size=&#8221;lg&#8221; btn_align=&#8221;center&#8221; use_custom_fonts_h2=&#8221;true&#8221; btn_button_block=&#8221;true&#8221; btn_link=&#8221;url:https%3A%2F%2Fwww.cooperativazenith.it%2Findex.php%2Fsostienici%2F|||&#8221;]Con il tuo contributo diventerai protagonista dei progetti e degli interventi che dedichiamo agli anziani fragili e alle persone in difficolt\u00e0 socioeconomica della nostra citt\u00e0.[\/vc_cta][\/vc_column][\/vc_row][vc_row visibility=&#8221;visible-sm&#8221;][vc_column width=&#8221;1\/2&#8243;][vc_custom_heading text=&#8221;Gruppo appartamento mamma-bimbo &#8220;Scooby Doo&#8220;&#8221; google_fonts=&#8221;font_family:Montserrat%3Aregular%2C700|font_style:400%20regular%3A400%3Anormal&#8221;][vc_empty_space height=&#8221;30px&#8221;][vc_column_text]<span style=\"color: #000000;\">&#8220;Scooby Doo&#8221; \u00e8 gestito in convenzione con l&#8217;Associazione Evoluzione Self Help Onlus.<\/span>[\/vc_column_text][vc_empty_space height=&#8221;30px&#8221;][\/vc_column][vc_column width=&#8221;1\/2&#8243;][vc_column_text css=&#8221;.vc_custom_1759148617188{padding-top: 15px !important;padding-right: 15px !important;padding-bottom: 15px !important;padding-left: 15px !important;background-color: rgba(0,108,191,0.23) !important;*background-color: rgb(0,108,191) !important;}&#8221;]\n<p data-start=\"213\" data-end=\"600\"><span style=\"color: #000000;\">Il gruppo appartamento <strong data-start=\"236\" data-end=\"252\">\u201cScooby Doo\u201d<\/strong>, a Torino, accoglie temporaneamente donne sole o madri con bambini che attraversano situazioni di fragilit\u00e0.<\/span><br data-start=\"361\" data-end=\"364\" \/><span style=\"color: #000000;\">\u00c8 un luogo sicuro e protetto, pensato come pausa e sostegno in momenti delicati della vita, quando alle difficolt\u00e0 sociali si sommano problemi relazionali o psicologici che richiedono l\u2019accompagnamento verso servizi pi\u00f9 specialistici.<\/span><\/p>\n<p data-start=\"602\" data-end=\"983\"><span style=\"color: #000000;\">L\u2019appartamento pu\u00f2 ospitare fino a sei persone (madri e figli) ed \u00e8 rivolto a donne con un buon livello di autonomia, che tuttavia necessitano di una soluzione abitativa transitoria capace di offrire stabilit\u00e0 e respiro.<\/span><br data-start=\"822\" data-end=\"825\" \/><span style=\"color: #000000;\">Al centro dell\u2019intervento c\u2019\u00e8 sempre la <strong data-start=\"865\" data-end=\"891\">relazione madre\u2013figlio<\/strong>, riconosciuta come risorsa preziosa e come fulcro del percorso di crescita e cambiamento.<\/span><\/p>\n<p data-start=\"985\" data-end=\"1202\"><span style=\"color: #000000;\">A fianco delle ospiti opera un\u2019\u00e9quipe di educatori professionali, presente per circa <strong data-start=\"1070\" data-end=\"1092\">40 ore settimanali<\/strong>, che garantisce ascolto, accompagnamento educativo e strumenti concreti per rafforzare autonomia e fiducia.<\/span><\/p>\n[\/vc_column_text][vc_empty_space height=&#8221;30px&#8221;][vc_column_text css=&#8221;.vc_custom_1759148528445{margin-bottom: 0px !important;}&#8221;]\n<p data-start=\"294\" data-end=\"702\"><span style=\"color: #000000;\">Il progetto nasce da un approccio che mette al centro la persona nella sua <strong data-start=\"369\" data-end=\"382\">globalit\u00e0<\/strong>, riconoscendone l\u2019unicit\u00e0 e i bisogni specifici.<\/span><br data-start=\"431\" data-end=\"434\" \/><span style=\"color: #000000;\">Per affrontare la complessit\u00e0 delle situazioni \u2013 che siano quelle di una madre con il proprio bambino o di una persona singola \u2013 \u00e8 fondamentale <strong data-start=\"578\" data-end=\"616\">una progettazione educativa mirata<\/strong>, capace di considerare insieme dimensioni diverse: affettive, sociali, relazionali.<\/span><\/p>\n<p data-start=\"704\" data-end=\"1173\"><span style=\"color: #000000;\">Caratteristica essenziale del servizio \u00e8 la costruzione di una <strong data-start=\"767\" data-end=\"808\">rete di relazioni e di collaborazioni<\/strong>: un circuito virtuoso che intreccia legami e sostegni, creando le condizioni perch\u00e9 le situazioni di disagio possano trovare vie d\u2019uscita concrete. In questo quadro, il lavoro educativo si inserisce in un progetto pi\u00f9 ampio, che dialoga costantemente con i servizi socio-sanitari e assistenziali del territorio, nella logica di un intervento realmente integrato.<\/span><\/p>\n<p data-start=\"1175\" data-end=\"1513\"><span style=\"color: #000000;\">Dal momento dell\u2019ingresso in struttura si apre un <strong data-start=\"1225\" data-end=\"1252\">periodo di osservazione<\/strong> della durata di circa sei mesi (riducibile in caso di permanenze pi\u00f9 brevi). In questa fase l\u2019\u00e9quipe educativa utilizza strumenti specifici per conoscere a fondo la persona e il suo contesto di riferimento, cos\u00ec da coglierne i bisogni nella loro complessit\u00e0.<\/span><\/p>\n<p data-start=\"1515\" data-end=\"1841\"><span style=\"color: #000000;\">Al termine dell\u2019osservazione viene redatto un <strong data-start=\"1561\" data-end=\"1590\">progetto individualizzato<\/strong>, per il nucleo madre-bambino o per il singolo, che definisce obiettivi educativi concreti. Questo progetto non guarda solo alla persona in s\u00e9, ma tiene conto anche dell\u2019ambiente sociale in cui vive, compreso il gruppo degli altri ospiti della casa.<\/span><\/p>\n<p data-start=\"1843\" data-end=\"2129\"><span style=\"color: #000000;\">La vita quotidiana nel servizio \u00e8 pensata per avvicinarsi il pi\u00f9 possibile a quella di una <strong data-start=\"1934\" data-end=\"1956\">famiglia \u201cnormale\u201d<\/strong>, dove si presta attenzione ai bambini, ai loro bisogni e alla cura condivisa della casa, cos\u00ec da ricreare un clima relazionale sereno, capace di sostenere e far crescere.<\/span><\/p>\n[\/vc_column_text][vc_empty_space height=&#8221;30px&#8221;][\/vc_column][\/vc_row][vc_row][vc_column][vc_separator][vc_empty_space][vc_custom_heading text=&#8221;La carta del servizio&#8221; google_fonts=&#8221;font_family:Montserrat%3Aregular%2C700|font_style:400%20regular%3A400%3Anormal&#8221;][vc_empty_space][vc_column_text css=&#8221;.vc_custom_1701204401656{margin-bottom: 0px !important;}&#8221;]<div class=\"_df_book df-lite\" id=\"df_10828\"  _slug=\"carta-del-servizio-scooby-doo\" data-title=\"carta-del-servizio-scooby-doo\" wpoptions=\"true\" thumbtype=\"\" ><\/div><script class=\"df-shortcode-script\" nowprocket type=\"application\/javascript\">window.option_df_10828 = {\"outline\":[],\"backgroundColor\":\"#ededed\",\"autoEnableOutline\":\"false\",\"autoEnableThumbnail\":\"false\",\"overwritePDFOutline\":\"false\",\"direction\":\"1\",\"pageSize\":\"0\",\"soundEnable\":\"false\",\"source\":\"https:\\\/\\\/www.cooperativazenith.it\\\/wp-content\\\/uploads\\\/2023\\\/11\\\/carta-servizio-scooby-doo-2023-per-sito_compressed.pdf\",\"wpOptions\":\"true\"}; if(window.DFLIP && window.DFLIP.parseBooks){window.DFLIP.parseBooks();}<\/script>[\/vc_column_text][\/vc_column][\/vc_row][vc_row visibility=&#8221;visible-sm&#8221;][vc_column][vc_empty_space height=&#8221;30px&#8221;][vc_cta h2=&#8221;Aiutaci a prenderci cura di chi \u00e8 pi\u00f9 fragile!&#8221; h2_font_container=&#8221;color:%23dd3333&#8243; h2_google_fonts=&#8221;font_family:Montserrat%3Aregular%2C700|font_style:400%20regular%3A400%3Anormal&#8221; h4=&#8221;Con il tuo contributo ci aiuterai a prenderci cura di persone sofferenti di disagio psichico, disabili e anziani.&#8221; shape=&#8221;square&#8221; style=&#8221;flat&#8221; color=&#8221;grey&#8221; add_button=&#8221;bottom&#8221; btn_title=&#8221;SCOPRI COME!&#8221; btn_style=&#8221;flat&#8221; btn_shape=&#8221;square&#8221; btn_color=&#8221;danger&#8221; btn_size=&#8221;lg&#8221; use_custom_fonts_h2=&#8221;true&#8221; btn_link=&#8221;url:http%3A%2F%2Fwww.cooperativazenith.it%2Findex.php%2Fsostienici%2F||&#8221;][\/vc_cta][\/vc_column][\/vc_row]\n<\/div>","protected":false},"excerpt":{"rendered":"<p>[vc_row fullwidth=&#8221;true&#8221; visibility=&#8221;hidden-sm&#8221; css=&#8221;.vc_custom_1555579231225{margin-top: -60px !important;}&#8221;][vc_column][vc_column_text css=&#8221;.vc_custom_1542704478088{margin-bottom: 0px !important;}&#8221;][\/vc_column_text][vc_empty_space height=&#8221;50px&#8221;][\/vc_column][\/vc_row][vc_row fullwidth=&#8221;true&#8221; visibility=&#8221;visible-sm&#8221; css=&#8221;.vc_custom_1555579241465{margin-top: -25px !important;}&#8221;][vc_column][vc_column_text css=&#8221;.vc_custom_1542704478088{margin-bottom: 0px !important;}&#8221;][\/vc_column_text][vc_empty_space height=&#8221;50px&#8221;][\/vc_column][\/vc_row][vc_row visibility=&#8221;hidden-sm&#8221;][vc_column width=&#8221;1\/4&#8243;][vc_custom_heading text=&#8221;Gruppo appartamento mamma-bimbo &#8220;Scooby Doo&#8220;&#8221; google_fonts=&#8221;font_family:Montserrat%3Aregular%2C700|font_style:400%20regular%3A400%3Anormal&#8221;][vc_empty_space height=&#8221;30px&#8221;][vc_column_text]&#8220;Scooby Doo&#8221; \u00e8 gestito in convenzione con l&#8217;Associazione Evoluzione Self Help Onlus.[\/vc_column_text][vc_empty_space height=&#8221;30px&#8221;][\/vc_column][vc_column width=&#8221;1\/2&#8243;][vc_column_text css=&#8221;.vc_custom_1759148605623{padding-top: 15px !important;padding-right: 15px !important;padding-bottom: 15px !important;padding-left: 15px !important;background-color: rgba(0,108,191,0.23) !important;*background-color: rgb(0,108,191) !important;}&#8221;] Il [&hellip;]<\/p>\n","protected":false},"author":2,"featured_media":0,"parent":0,"menu_order":0,"comment_status":"closed","ping_status":"closed","template":"","meta":{"give_campaign_id":0,"om_disable_all_campaigns":false,"_uf_show_specific_survey":0,"_uf_disable_surveys":false,"footnotes":""},"class_list":["post-106","page","type-page","status-publish","hentry"],"campaignId":"","_links":{"self":[{"href":"https:\/\/www.cooperativazenith.it\/index.php\/wp-json\/wp\/v2\/pages\/106","targetHints":{"allow":["GET"]}}],"collection":[{"href":"https:\/\/www.cooperativazenith.it\/index.php\/wp-json\/wp\/v2\/pages"}],"about":[{"href":"https:\/\/www.cooperativazenith.it\/index.php\/wp-json\/wp\/v2\/types\/page"}],"author":[{"embeddable":true,"href":"https:\/\/www.cooperativazenith.it\/index.php\/wp-json\/wp\/v2\/users\/2"}],"replies":[{"embeddable":true,"href":"https:\/\/www.cooperativazenith.it\/index.php\/wp-json\/wp\/v2\/comments?post=106"}],"version-history":[{"count":28,"href":"https:\/\/www.cooperativazenith.it\/index.php\/wp-json\/wp\/v2\/pages\/106\/revisions"}],"predecessor-version":[{"id":13356,"href":"https:\/\/www.cooperativazenith.it\/index.php\/wp-json\/wp\/v2\/pages\/106\/revisions\/13356"}],"wp:attachment":[{"href":"https:\/\/www.cooperativazenith.it\/index.php\/wp-json\/wp\/v2\/media?parent=106"}],"curies":[{"name":"wp","href":"https:\/\/api.w.org\/{rel}","templated":true}]}}